{"id":120,"date":"2018-10-26T15:40:23","date_gmt":"2018-10-26T15:40:23","guid":{"rendered":"https:\/\/futuriodemos.com\/default-demo\/?page_id=120"},"modified":"2026-03-19T10:21:20","modified_gmt":"2026-03-19T10:21:20","slug":"documents","status":"publish","type":"page","link":"https:\/\/prim.college-st-michel.info\/index.php\/documents\/","title":{"rendered":"Documents"},"content":{"rendered":"\t\t<div data-elementor-type=\"wp-page\" data-elementor-id=\"120\" class=\"elementor elementor-120\">\n\t\t\t\t\t\t<section class=\"elementor-section elementor-top-section elementor-element elementor-element-815a819 elementor-section-boxed elementor-section-height-default elementor-section-height-default\" data-id=\"815a819\" data-element_type=\"section\" data-e-type=\"section\">\n\t\t\t\t\t\t<div class=\"elementor-container elementor-column-gap-default\">\n\t\t\t\t\t<div class=\"elementor-column elementor-col-100 elementor-top-column elementor-element elementor-element-8563749\" data-id=\"8563749\" data-element_type=\"column\" data-e-type=\"column\">\n\t\t\t<div class=\"elementor-widget-wrap elementor-element-populated\">\n\t\t\t\t\t\t<div class=\"elementor-element elementor-element-496a467 elementor-widget elementor-widget-text-editor\" data-id=\"496a467\" data-element_type=\"widget\" data-e-type=\"widget\" data-widget_type=\"text-editor.default\">\n\t\t\t\t<div class=\"elementor-widget-container\">\n\t\t\t\t\t\t\t\t\t<p>Retrouvez ici tous les documents de r\u00e9f\u00e9rence li\u00e9s \u00e0 la vie de notre \u00e9cole :\u00a0<\/p>\t\t\t\t\t\t\t\t<\/div>\n\t\t\t\t<\/div>\n\t\t\t\t\t<\/div>\n\t\t<\/div>\n\t\t\t\t\t<\/div>\n\t\t<\/section>\n\t\t\t\t<section class=\"elementor-section elementor-top-section elementor-element elementor-element-e41b999 elementor-section-boxed elementor-section-height-default elementor-section-height-default\" data-id=\"e41b999\" data-element_type=\"section\" data-e-type=\"section\">\n\t\t\t\t\t\t<div class=\"elementor-container elementor-column-gap-default\">\n\t\t\t\t\t<div class=\"elementor-column elementor-col-100 elementor-top-column elementor-element elementor-element-1e8ebdf\" data-id=\"1e8ebdf\" data-element_type=\"column\" data-e-type=\"column\">\n\t\t\t<div class=\"elementor-widget-wrap elementor-element-populated\">\n\t\t\t\t\t\t<div class=\"elementor-element elementor-element-cea5807 elementor-widget__width-inherit elementor-widget elementor-widget-text-editor\" data-id=\"cea5807\" data-element_type=\"widget\" data-e-type=\"widget\" data-widget_type=\"text-editor.default\">\n\t\t\t\t<div class=\"elementor-widget-container\">\n\t\t\t\t\t\t\t\t\t<p><a href=\"https:\/\/prim.college-st-michel.info\/wp-content\/uploads\/2025\/11\/Vademecum-ROI-2025-2026.pdf\" target=\"_blank\" rel=\"noopener\">R\u00c8GLEMENT D&rsquo;ORDRE INT\u00c9RIEUR &#8211; VADEMECUM 25-26<\/a><\/p><p><a href=\"https:\/\/prim.college-st-michel.info\/wp-content\/uploads\/2026\/03\/Frais-26-27-2.pdf\" target=\"_blank\" rel=\"noopener\">TARIFICATION \u00c9TUDE\/GARDERIE 26-27<\/a><\/p><p><a href=\"https:\/\/prim.college-st-michel.info\/wp-content\/uploads\/2025\/09\/Tarifs-frais-repas.pdf\" target=\"_blank\" rel=\"noopener\">TARIFICATION REPAS 25-26<\/a><\/p><p><a href=\"https:\/\/prim.college-st-michel.info\/wp-content\/uploads\/2026\/03\/Frais-26-27.pdf\" target=\"_blank\" rel=\"noopener\">ESTIMATION DES FRAIS SCOLAIRES 26-27<\/a><\/p><p><a href=\"https:\/\/prim.college-st-michel.info\/wp-content\/uploads\/2026\/03\/CODE-DE-LENSEIGNEMENT-articles-relatifs-aux-frais.pdf\" target=\"_blank\" rel=\"noopener\">CODE DE L&rsquo;ENSEIGNEMENT FONDAMENTAL &amp; SECONDAIRE<\/a><\/p><p><a href=\"https:\/\/prim.college-st-michel.info\/wp-content\/uploads\/2022\/11\/Contrat-sous-traitance-RGPD-St-Michel-signed-1.pdf\">Usage de la plateforme Questi<\/a><\/p><p><a href=\"https:\/\/prim.college-st-michel.info\/wp-content\/uploads\/2024\/12\/DAccE-info-parents.pdf\" target=\"_blank\" rel=\"noopener\">Document informatif destin\u00e9 aux parents concernant le DAccE (le dossier d&rsquo;accompagnement de l&rsquo;\u00e9l\u00e8ve) 25-26<\/a><\/p><p><a href=\"https:\/\/prim.college-st-michel.info\/wp-content\/uploads\/2022\/11\/GratuitA\u00a9_article_100_1p.pdf\">Article 100 du D\u00e9cret \u00ab\u00a0Missions\u00a0\u00bb (frais scolaire)<\/a><\/p><p><a href=\"https:\/\/prim.college-st-michel.info\/wp-content\/uploads\/2022\/11\/Gratuite-annexe-36bis-3.pdf\">Document destin\u00e9 \u00e0 informer les parents d&rsquo;\u00e9l\u00e8ves sur la gratuit\u00e9 d&rsquo;acc\u00e8s \u00e0 l&rsquo;enseignement<\/a><\/p>\t\t\t\t\t\t\t\t<\/div>\n\t\t\t\t<\/div>\n\t\t\t\t\t<\/div>\n\t\t<\/div>\n\t\t\t\t\t<\/div>\n\t\t<\/section>\n\t\t\t\t<\/div>\n\t\t","protected":false},"excerpt":{"rendered":"<p>Retrouvez ici tous les documents de r\u00e9f\u00e9rence li\u00e9s \u00e0 la vie de notre \u00e9cole :\u00a0 R\u00c8GLEMENT D&rsquo;ORDRE INT\u00c9RIEUR &#8211; VADEMECUM 25-26 TARIFICATION \u00c9TUDE\/GARDERIE 26-27 TARIFICATION REPAS 25-26 ESTIMATION DES FRAIS SCOLAIRES 26-27 CODE DE L&rsquo;ENSEIGNEMENT FONDAMENTAL &amp; SECONDAIRE Usage de la plateforme Questi Document informatif destin\u00e9 aux parents concernant le DAccE (le dossier d&rsquo;accompagnement de&hellip;<\/p>\n","protected":false},"author":1,"featured_media":0,"parent":0,"menu_order":0,"comment_status":"closed","ping_status":"closed","template":"","meta":{"footnotes":""},"class_list":["post-120","page","type-page","status-publish","hentry"],"_links":{"self":[{"href":"https:\/\/prim.college-st-michel.info\/index.php\/wp-json\/wp\/v2\/pages\/120","targetHints":{"allow":["GET"]}}],"collection":[{"href":"https:\/\/prim.college-st-michel.info\/index.php\/wp-json\/wp\/v2\/pages"}],"about":[{"href":"https:\/\/prim.college-st-michel.info\/index.php\/wp-json\/wp\/v2\/types\/page"}],"author":[{"embeddable":true,"href":"https:\/\/prim.college-st-michel.info\/index.php\/wp-json\/wp\/v2\/users\/1"}],"replies":[{"embeddable":true,"href":"https:\/\/prim.college-st-michel.info\/index.php\/wp-json\/wp\/v2\/comments?post=120"}],"version-history":[{"count":104,"href":"https:\/\/prim.college-st-michel.info\/index.php\/wp-json\/wp\/v2\/pages\/120\/revisions"}],"predecessor-version":[{"id":2668,"href":"https:\/\/prim.college-st-michel.info\/index.php\/wp-json\/wp\/v2\/pages\/120\/revisions\/2668"}],"wp:attachment":[{"href":"https:\/\/prim.college-st-michel.info\/index.php\/wp-json\/wp\/v2\/media?parent=120"}],"curies":[{"name":"wp","href":"https:\/\/api.w.org\/{rel}","templated":true}]}}